4 + 9 + -1
-4
(-2 - 5 - -3) + 5
1
-14 + -7 + 10 + 8
-3
What is -10 - (9 + (6 - 23))?
-2
What is the value of 3 + (9 - 12 - -2)?
2
What is the value of (1 - 2) + (4 + -11 - -9)?
1
What is the value of (3 - (7 - 1)) + 6?
3
Calculate 4 + 0 + -4 + (-7 - -2).
-5
What is the value of 5 - ((-33 - -36) + -1 + 0)?
3
Evaluate -1 - 10 - (40 - 47).
-4
Calculate (1 - 2) + -3 + 0.
-4
What is the value of 12 - (0 + 1) - 12?
-1
-2 - (-2 - (-4 + -2))
-6
What is the value of 3 + -3 - -2 - -1?
3
What is 2 - -15 - 4 - 6?
7
What is the value of (-1 - (-1 + 2)) + 6?
4
What is 2 + -2 + 0 + 1 + 2?
3
What is -11 + (18 - -9) - 9?
7
What is -10 + 5 + -2 - (-4 - 9)?
6
(-80 - -77) + -4 + 0
-7
What is the value of 5 - (2 + 8 + -5)?
0
Calculate 3 - -2 - (-1 - -5) - -4.
5
Calculate (24 - 27 - (1 - 9)) + 2.
7
Calculate 0 - -4 - -14 - 9.
9
Calculate -5 + (-2 + 7 - 2).
-2
Calculate (-1 - 1) + 3 + -3 + 4.
2
What is 2 + -7 + 8 + -4?
-1
What is the value of -17 + 20 - (0 - -1 - 1)?
3
3 - (2 + 3 + 0)
-2
Calculate (0 + -1 - 0) + 1 - -2.
2
0 + 3 + 0 + -2
1
Evaluate -12 - ((0 - 5) + 0).
-7
-5 - -4 - -8 - 2
5
What is (-11 + 5 - -4) + -1?
-3
Evaluate -3 - (-6 + 3 + -5).
5
What is the value of -9 + 8 + 2 + -49 + 43?
-5
Calculate 10 - -2 - (9 - 4) - 7.
0
What is (2 - 0) + -5 + 5 + -7?
-5
Calculate 5 - (0 + -6 - -8).
3
What is the value of 1 + -8 - (8 - (-9 - -21))?
-3
-5 + 6 + -5 + 6
2
What is the value of (2 - -3) + (-29 - -23)?
-1
What is the value of -7 + 1 + (19 - 2) + -4?
7
Calculate 3 + -5 - 1 - (-1 - 1).
-1
Evaluate 0 + (1 - 1) - 1 - 3.
-4
Evaluate 3 + -1 - (2 - 2).
2
What is 22 + (-13 - -4) + -4?
9
Calculate 7 - (-4 + 15) - (0 + -2).
-2
Evaluate (0 - (-3 + 1 - 4)) + -3.
3
What is -8 + (0 - -9) + (42 - 50)?
-7
(0 + (-1 - -2) - 1) + 1
1
Evaluate -2 - (27 + -30 + -2 + 0).
3
-1 + -9 + 1 + 8
-1
What is the value of 11 + (1 - 9 - -3)?
6
Calculate (3 - 2) + (2 - (-1 + -1)).
5
What is the value of -9 + (-2 - -7) + 8?
4
What is (4 - (-4 + 2 - -1)) + -5?
0
What is the value of 5 + -6 + 1 - 5?
-5
Calculate -4 + 3 + (-9 - -5).
-5
What is 4 - ((0 - 2 - 2) + 8)?
0
What is the value of -1 + 3 - (4 + 2 + 1)?
-5
Calculate -2 + -6 + 5 + 1 + -2.
-4
Calculate 6 + 1 + 8 + -6 + -10.
-1
Evaluate -3 + -4 + 6 + 2.
1
Calculate 1 - (10 + -11 + (0 - 1)).
3
What is the value of -7 + (-4 + 16 - 6)?
-1
What is the value of -3 - (12 + -19 + 7 + 6)?
-9
-36 + 42 - (2 + -5 - -3)
6
What is the value of 6 - 6 - (2 + -4)?
2
Calculate 10 + -8 + -1 + 3 + 3.
7
What is the value of -3 - (4 - ((-3 - 3) + 10))?
-3
5 + -1 - (6 + 0 - -3)
-5
What is the value of 2 - (0 + -3 - -5 - 2)?
2
Evaluate (6 - (4 + -6)) + -5.
3
What is the value of -1 - -6 - (5 + 2 + 0)?
-2
Calculate -3 + 2 + (-8 + 1 - -4).
-4
What is the value of -12 + 2 - (14 + -18) - -12?
6
What is the value of (0 - 23) + 8 + 7?
-8
Evaluate -4 + 3 + -4 + 0.
-5
What is the value of 4 + (3 + 1 - 2) - 7?
-1
Calculate -1 - -5 - (0 + 15 - 17).
6
-4 + (7 - 3) + (-5 - -2)
-3
Evaluate (61 - 57) + (-2 - 0).
2
What is 4 - (-5 - (-6 - 3))?
0
2 + ((2 - 1) + -2 - 1)
0
(4 - (6 - 3 - -1)) + -2
-2
Calculate (-3 - -1) + 5 + -3 + -4.
-4
What is -3 - (-4 - -4) - -1?
-2
Calculate 5 + -11 + 9 - (3 + -1).
1
Calculate 0 - (-8 - (-10 + 1)).
-1
Calculate -5 - ((-54 - -58) + (-2 - 0)).
-7
What is 4 + (-4 - -3 - 5) + -3?
-5
What is the value of -5 - (3 - 5) - (0 - -3)?
-6
-99 + 96 + 0 + 0
-3
Calculate -9 + (-9 - (-14 - 2)).
-2
What is the value of -2 + 11 + -7 + -3?
-1
-1 + 1 + 7 + 4 + -8
3
Evaluate 7 + -3 - (-2 - (0 - 2)).
4
Evaluate (6 - 14) + 1 + 3.
-4
What is (-10 - -2 - -4) + 6 + -3?
-1
What is -5 - (2 + -3 + -6)?
2
Calculate -14 + 0 - (209 - 212).
-11
Calculate (-3 - 8) + 7 - (-1 + 2).
-5
(77 - 76) + -1 + 0
0
(-13 - -6) + 3 + -2
-6
Evaluate (-8 - -7 - 2 - 1) + 6.
2
-61 + 51 - (-3 - 1)
-6
Calculate -4 + (-7 + 8 + 6 - 14).
-11
Calculate -7 + (-3 + 2 - -6).
-2
What is the value of -6 + (14 - 6) + -5?
-3
What is the value of 1 + 0 + 1 + -3 + 2?
1
What is 2 + 2 - (-17 - -22)?
-1
-5 + (-6 - -3) - -5
-3
Evaluate -10 - (-4 - (-2 - -2)).
-6
Evaluate 1 + -27 + 23 + 1 + 2.
0
-9 + 17 + -15 + 5
-2
Evaluate -6 + -2 - (53 + -55).
-6
What is -1 - -6 - (4 + -3)?
4
Evaluate 1 + (-18 + 3 - -9).
-5
What is the value of 0 - (5 + -7 + 4 - 1)?
-1
What is the value of -14 + 1 + 5 - -3?
-5
What is the value of 3 + (-10 + 1 + 2 - 1)?
-5
Evaluate (6 - 13 - 3) + 8 + 12.
10
What is 4 - ((1 - 2) + 2)?
3
What is 2 - 3 - (10 + -12) - 0?
1
Calculate (2 + (0 - 3) - 0) + -3.
-4
What is the value of 8 - 2 - (-5 - (-9 - -4))?
6
What is the value of 11 - ((13 - 9) + 7)?
0
What is the value of 13 - 21 - 2 - -6?
-4
What is the value of (-3 - -4 - (5 - 0)) + 3?
-1
Calculate (-14 - 5) + (3 - 2) - -8.
-10
Evaluate 4 + (1 + -15 - -4).
-6
1 + (10 - 3) + -4
4
What is 1 + 0 + 4 - (-35 - -44)?
-4
Evaluate 3 + (-2 - (-4 - -7)).
-2
What is the value of 5 - (8 - 3 - (-7 + 10))?
3
What is the value of (4 - 5) + -6 + 3?
-4
What is 1 - (1 + 0 + 1)?
-1
Evaluate -4 - ((5 - 3) + -2).
-4
-5 - (9 + -2 + -4) - -3
-5
What is the value of -2 + -5 + 8 - -4?
5
3 + (-6 - -3) - 1
-1
What is 2 + (-2 - 6) + 2?
-4
Calculate -3 + (2 - (3 - -1 - 3)).
-2
What is the value of -1 + -14 + 5 + 3 + 2?
-5
What is -2 - (-1 - (5 + 1 + -1))?
4
-8 + 0 + 8 - 2
-2
-29 - (-52 + 26) - (-1 - -7)
-9
What is the value of 3 + -1 + (-2 - (-2 + 1))?
1
Evaluate 16 + -14 + 9 + -5.
6
What is the value of -5 - ((-4 - 2) + 5 + -7)?
3
Evaluate -2 + (3 - 3) - (0 + -5).
3
What is (8 - 4) + 1 + 0 - -2?
7
What is -3 - (3 - 3) - (-1 - -2)?
-4
5 + (3 - 6 - (1 - 0))
1
What is the value of -1 + (2 - -1 - 0 - 2)?
0
What is (4 - (5 - -13)) + 18?
4
-7 + (3 - 4 - -8)
0
What is 9 + (-70 - -63 - (1 - 2))?
3
Evaluate 9 - (15 - (-6 + 13)).
1
Evaluate 2 - (0 - -4) - 0.
-2
Evaluate 7 - ((-1 - -8) + -4 - -4).
0
Evaluate (-7 - 4) + 1 + 2 - -3.
-5
-1 - ((-8 - 2) + 6)
3
Evaluate 9 - (4 - 6 - -7).
4
Evaluate 3 + 4 + -4 + 0 + 0.
3
What is -5 + 2 + 0 + -1?
-4
What is 10 + -9 + 9 - 7?
3
Evaluate 3 - (-4 + (-3 - -6) + 0).
4
Calculate 1 + -5 - (-4 + -5).
5
Calculate (4 - 2) + -6 - -2.
-2
What is (9 + -17 - -7) + 3?
2
-2 - -1 - 3 - -5
1
What is 2 + -1 + (2 - 2)?
1
Calculate -21 - -17 - (0 + -1 + -7).
4
What is the value of -13 + 23 + -12 - (3 - 11)?
6
Calculate 17 - 21 - (0 + -5 - -2).
-1
Evaluate -91 + 80 - (-7 - 0).
-4
Calculate -2 + -1 - (-2 + -1 + 2).
-2
4 - (6 - -2 - (0 - -2))
-2
What is the value of (-3 - -8 - 7) + (-2 - -2)?
-2
What is the value of (6 - 3 - 6) + (3 - 3)?
-3
Evaluate -5 + 4 - (-2 + 7 - 0).
-6
What is -4 + 5 + -1 - -1?
1
What is -3 + 9 + (-2 - -3) + -4?
3
Calculate 3 + -4 - (-1 + 3 + -1).
-2
Calculate -2 - -8 - (-11 - -15).
2
What is the value of -3 - (-6 - -13 - 13)?
3
1 + -4 + 2 + -3
-4
Calculate 0 - (2 + -4 - (-1 - 2)).
-1
What is -7 + 5 + 2 + 3?
3
Evaluate 3 + 0 + -1 + -4 + -1.
-3
What is the value of -6 + -11 - -12 - (1 + 2)?
-8
What is the value of -7 - -6 - (-9 + 8)?
0
What is the value of (-4 - (-2 - 8)) + 3?
9
-2 + 1 - -4 - -7
10
Evaluate 12 + -5 + (-1 - 5) + 1.
2
Evaluate 0 - (-4 + 5 + 3) - -3.
-1
Evaluate 29 + -16 + -16 + (-2 - -5).
0
What is -2 + (-5 - -9) - -2?
4
What is the value of 2 + -10 - -6 - -1?
-1
What is the value of 3 - (-4 - (5 - (8 + 5)))?
-1
Calculate -2 - -2 - (-2 - 6).
8
What is 6 + 1 + -3 + 20 + -18?
6
What is the value of 1 + 4 + 5 + 6 + -13?
3
11 + 9 + -6 + -5
9
Evaluate (-20 - -15) + 4 + -1.
-2
What is 7 + -13 + 13 + -8?
-1
(-4 + 11 - 13) + 6
0
Calculate (-8 - (-1 - 3)) + 0.
-4
What is (-15 - -4) + (-7 - (-16 - -7))?
-9
What is the value of (-6 - -11) + 1 - 7?
-1
Evaluate 8 - ((-10 + 4 - -1) + 9).
4
Evaluate (2 - -2) + -4 + 5.
5
What is the value of (3 - -1) + (9 - (-7 - -15))?
5
5 - (7 + -3 + -3)
4
Calculate 9 - 9 - (2 + 3).
-5
Evaluate -1 + -1 + 5 - (0 - -7).
-4
-48 + 52 - (-1 - -13)
-8
Evaluate -4 - 7 - -6 - -8.
3
What is 3 + (-1 - 0) - (9 + -5)?
-2
3 + 2 + (1 + 3 - 4)
5
2 + -7 + -9 - -8
-6
Calculate 21 + -21 - (-7 - -1).
6
What is -4 + -6 + 17 + -6?
1
What is (-3 - 1) + (7 - 2)?
1
What is 8 + -14 + 12 + -3?
3
What is the value of 2 - (-10 + 8 + 4)?
0
Calculate (-2 - -3) + (-6 - -1).
-4
Calculate (5 - -4) + (6 - 3) + -6.
6
What is the value of (-1 - 1 - (-9 + 5)) + -1?
1
Calculate 4 + -8 + 4 - 5.
-5
-4 - (16 + -14 - (0 - 2))
-8
Evaluate 6 + -1 - (-13 + 17).
1
Calculate 0 + 6 + -1 + 1 - 6.
0
-62 + 76 - (2 - -9)
3
What is -1 - (2 - 16) - 5?
8
(7 - (-5 +